et u(r) = -214*r + 3407. Give u(16).
-17
Let b(q) = 145*q - 1874. Calculate b(13).
11
Let u(w) = 133*w + 1924. Calculate u(-16).
-204
Let l(w) = -202*w**3 + w**2 - 1. What is l(1)?
-202
Let l(p) = p**3 + 5*p**2 - 11*p - 18. Determine l(-1).
-3
Let z(h) = h**3 + 19*h**2 - 142*h + 203. Give z(-25).
3
Let k(t) = 76*t - 4648. What is k(61)?
-12
Let s(w) = 12*w - 784. Calculate s(65).
-4
Let q(c) = 9*c**2 - 273*c + 591. Give q(28).
3
Let h(a) = 1040*a + 974. What is h(-1)?
-66
Let g(s) = 29*s + 179. What is g(-5)?
34
Let f(u) = u**3 - 12*u**2 - 6*u - 95. Determine f(13).
-4
Let z(l) = -l**2 - 27*l - 95. Calculate z(-4).
-3
Let k(v) = v**2 - 4*v - 149. What is k(-10)?
-9
Let a(g) = g**3 - 2*g**2 + 12*g - 63. Give a(8).
417
Let m(v) = -18*v + 550. Give m(31).
-8
Let b(q) = 10*q**2 - 33*q + 9. Calculate b(3).
0
Let i(k) = 2*k**3 + 11*k**2 + 7*k - 36. Determine i(-6).
-114
Let o(t) = -2*t**2 + 110*t - 157. Determine o(54).
-49
Let r(k) = -k**2 + 45*k - 122. Calculate r(43).
-36
Let q(i) = 48*i + 5235. What is q(-98)?
531
Let p(j) = 152*j**2 + 759*j + 4. What is p(-5)?
9
Let c(y) = -4*y**3 + 436*y**2 + 11. Calculate c(109).
11
Let j(l) = 16*l**3 - 3*l**2 + 2*l. What is j(2)?
120
Let m(s) = s**3 + 34*s**2 + 31*s + 3731. Give m(-36).
23
Let l(z) = z**2 + 43*z + 140. Calculate l(-39).
-16
Let s(k) = k**3 + 47*k**2 + 545*k - 27. Give s(-21).
-6
Let t(g) = -295*g + 1063. What is t(4)?
-117
Let y(j) = -21*j + 413. What is y(20)?
-7
Let d(b) = b**3 + 24*b**2 + 33*b - 208. Calculate d(-22).
34
Let d(c) = 2*c**2 + 290*c - 4804. What is d(-160)?
-4
Let v(l) = l**3 + 13*l**2 + 15*l - 94. What is v(-9)?
95
Let q(v) = 8*v + 278. Give q(9).
350
Let z(j) = j**2 - 43*j - 21. Calculate z(0).
-21
Let s(r) = 12*r - 80. Give s(-15).
-260
Let x(u) = -1065*u - 20235. Determine x(-19).
0
Let k(j) = 974*j + 37013. Determine k(-38).
1
Let x(p) = -1053*p + 10440. Determine x(10).
-90
Let y(n) = -n**2 + 32*n - 86. Calculate y(30).
-26
Let g(q) = 2*q**2 + 8*q + 29. Calculate g(-11).
183
Let t(w) = w**3 - 12*w**2 - w - 34. What is t(11)?
-166
Let u(s) = 25*s + 77. Give u(-3).
2
Let t(u) = 4*u**3 - 22*u**2 - 92*u - 1. Calculate t(-4).
-241
Let t(y) = 258*y + 1538. Determine t(-6).
-10
Let y(m) = -5*m**2 + 60*m - 173. Determine y(7).
2
Let o(j) = 169*j + 8266. Determine o(-49).
-15
Let o(q) = q**3 - 3*q**2 - 3*q - 8. Give o(7).
167
Let r(a) = -1590*a - 6323. What is r(-4)?
37
Let k(o) = 42*o**3 + 2*o**2 + 3*o - 4. What is k(1)?
43
Let i(y) = 65*y - 15. What is i(-4)?
-275
Let f(o) = -2*o**3 + 10*o**2 + 87*o - 425. Determine f(7).
-12
Let t(k) = -k**3 - 37*k**2 - 116*k - 1612. Give t(-35).
-2
Let v(f) = -115*f - 65. Determine v(-1).
50
Let i(f) = -2*f**3 - 3*f**2 + 27*f + 3. What is i(3)?
3
Let s(y) = -25*y**3 - 6*y**2 + 3*y + 11. What is s(3)?
-709
Let x(t) = 3*t**3 + 14*t**2 - t + 10. Give x(-6).
-128
Let z(i) = -14*i - 20. Give z(-2).
8
Let l(u) = -9*u**3 - 7*u**2 + u - 20. Give l(-4).
440
Let m(i) = -2*i**2 + 66*i - 412. Give m(25).
-12
Let q(r) = r**3 + 5*r**2 - 22*r - 20. What is q(-8)?
-36
Let s(o) = -o**3 + 29*o**2 - 202*o + 87. Calculate s(18).
15
Let q(h) = 161*h - 328. What is q(2)?
-6
Let f(u) = u**3 + 63*u**2 + 613*u - 5. What is f(-51)?
-56
Let q(s) = 2*s**2 - 6*s - 100. Calculate q(10).
40
Let d(g) = 3*g**3 + 229*g**2 - 154*g + 142. What is d(-77)?
142
Let l(p) = 484*p - 23712. What is l(49)?
4
Let p(a) = 5*a**3 - 8*a**2 + 7*a + 2. Determine p(1).
6
Let n(j) = -2*j**2 + 83*j - 123. What is n(40)?
-3
Let y(f) = 15*f**2 - 4*f + 1. What is y(-3)?
148
Let r(f) = f**3 - 24*f**2 + 21*f + 38. Give r(23).
-8
Let q(h) = -54*h - 270. Give q(-4).
-54
Let n(t) = 3*t**2 - 2*t - 4. Calculate n(-2).
12
Let i(x) = -6*x - 139. Give i(-18).
-31
Let u(x) = -x**2 + 4*x - 77. What is u(-12)?
-269
Let l(z) = 82*z - 583. Calculate l(6).
-91
Let p(k) = -8*k + 211. Give p(21).
43
Let c(y) = 13*y**2 + 30*y - 87. Calculate c(-4).
1
Let i(j) = 12*j - 353. Determine i(30).
7
Let n(c) = 4679*c - 79563. Calculate n(17).
-20
Let g(x) = -6*x**2 + 368*x - 147. Determine g(59).
679
Let d(j) = -j**3 - 6*j**2 + 18*j + 9. Determine d(0).
9
Let i(n) = 32*n**2 + 114*n - 21. Give i(-7).
749
Let b(w) = -w**3 - 14*w**2 + 34*w - 6. What is b(-17)?
283
Let y(h) = -h**3 - 11*h**2 - 22*h - 73. Calculate y(-6).
-121
Let v(p) = p**2 + 5235*p + 17. Calculate v(0).
17
Let n(q) = -2*q**3 - 55*q**2 + 22*q - 194. What is n(-28)?
-26
Let l(f) = 2*f**3 + 303*f**2 - 165*f - 2061. What is l(-152)?
-85
Let n(h) = -h**3 - 92*h**2 - 166*h + 1236. Determine n(-90).
-24
Let o(f) = 3*f**3 + 16*f**2 - 20*f - 11. Give o(-6).
37
Let s(k) = -k**2 + 6*k + 346. Give s(16).
186
Let m(g) = 2082*g - 2081. What is m(1)?
1
Let k(g) = 1204*g - 50570. Calculate k(42).
-2
Let u(v) = 2*v**3 + 255*v**2 + 499*v - 6. Give u(-2).
0
Let u(r) = 2*r**3 - 30*r**2 + 6*r - 39. What is u(15)?
51
Let b(d) = -3*d**2 - 5*d + 51. Determine b(-9).
-147
Let y(m) = m**2 - 74*m + 1288. Determine y(44).
-32
Let h(q) = q**3 - 134*q**2 + 11*q - 1474. What is h(134)?
0
Let t(w) = -13*w + 222. Determine t(-7).
313
Let q(y) = -4*y**2 - 138*y - 382. What is q(-3)?
-4
Let p(c) = 2*c**3 + 5*c**2 - 47*c + 63. What is p(-9)?
-567
Let w(b) = -61*b + 545. What is w(9)?
-4
Let p(c) = 56*c - 688. Determine p(12).
-16
Let y(p) = -p**2 + 77*p + 240. Give y(-3).
0
Let y(d) = -2*d + 81. What is y(51)?
-21
Let y(h) = -7*h**2 - 1063*h - 3112. Give y(-3).
14
Let t(y) = -932*y - 46608. Determine t(-50).
-8
Let n(m) = -2*m**2 + 475*m - 7706. Give n(220).
-6
Let t(s) = -s**3 + 11*s**2 - 222*s + 2392. What is t(11)?
-50
Let k(j) = -2*j**3 - 250*j**2 + 248*j - 510. What is k(-126)?
-6
Let i(d) = -d**3 + 32*d**2 - 154*d - 71. Give i(26).
-19
Let o(x) = 543*x - 39099. Calculate o(72).
-3
Let u(f) = 268*f - 1768. Give u(7).
108
Let p(r) = -272*r**2 + 812*r + 2. What is p(3)?
-10
Let m(s) = -s**2 - 163*s - 2883. What is m(-143)?
-23
Let p(l) = -2*l - 198. Give p(-96).
-6
Let v(m) = -m**3 + 43*m**2 - 455*m - 151. Give v(21).
-4
Let a(p) = 2*p**3 + 210*p**2 - 215*p - 324. Give a(-106).
-6
Let y(q) = -29*q - 156. What is y(-5)?
-11
Let a(x) = -30*x**2 + 6*x - 2. Calculate a(-3).
-290
Let w(h) = -38*h**2 + 264*h + 8. Determine w(7).
-6
Let s(u) = u**2 + 44*u + 560. Give s(-35).
245
Let d(w) = -731*w + 555. Give d(1).
-176
Let g(d) = 3*d**2 + 558*d - 13724. Determine g(-208).
4
Let k(t) = -t**3 + 7*t**2 + 15*t - 138. Calculate k(6).
-12
Let o(i) = -3891*i + 54469. Calculate o(14).
-5
Let c(x) = 3*x**2 - 37. Determine c(6).
71
Let v(o) = -o**3 + 23*o**2 + 20*o - 68. Determine v(24).
-164
Let u(k) = 2*k**3 - 10*k**2 - 118*k - 35. Calculate u(-5).
55
Let c(h) = -3*h**3 + 12*h**2 - 21*h + 46. Determine c(3).
10
Let o(h) = -h**2 - 383*h + 13741. Determine o(33).
13
Let x(z) = 1068*z + 13883. Give x(-13).
-1
Let v(k) = -k**3 - 130*k**2 - 1924*k - 4. Determine v(-17).
47
Let l(i) = -4*i - 223. Determine l(-57).
5
Let r(j) = j**3 - 130*j**2 - 1401*j - 33. Give r(-10).
-23
Let y(z) = -12*z - 168. Determine y(-19).
60
Let x(i) = i**3 - 19*i**2 + 14*i + 59. Calculate x(18).
-13
Let c(o) = -63*o + 747. What is c(12)?
-9
Let r(y) = y**3 + 25*y**2 - 57*y - 70. Calculate r(-27).
11
Let o(w) = 7*w**3 - 2*w**2 - 2*w - 9. Calculate o(3).
156
Let j(s) = 4*s + 21. What is j(8)?
53
Let p(h) = -2*h**3 - 80*h**2 - 85*h - 53. Calculate p(-39).
220
Let r(l) = l**2 - 4*l - 563. What is r(26)?
9
Let t(d) = 2*d**3 - 34*d**2 + 86*d + 8. Give t(3).
14
Let x(y) = -84*y - 1382. Calculate x(-17).
46
Let v(k) = 2*k**2 + 269*k + 3695. Calculate v(-119).
6
Let c(h) = h**3 + 32*h**2 - 24*h - 786. What is c(-32)?
-18
Let b(m) = -2*m**2 - 119*m + 1010. Give b(-67).
5
Let a(o) = 139*o + 445. Give a(-3).
28
Let g(c) = 2*c**3 - 17*c**2 - 19*c - 80. Calculate g(10).
30
Let a(b) = 63*b - 7. What is a(3)?
182
Let x(k) = -7613*k - 30446. Calculate x(-4).
6
Let b(k) = 31*k - 749. Give b(23).
-36
Let o(l) = -298*l - 439. What is o(-1)?
-141
Let q(b) = b**3 - 13*b**2 - 47*b + 18. Determine q(6).
-516
Let a(x) = -3*x**2 - 156*x - 1971. Calculate a(-22).
9
Let d(y) = -37*y**2 - 1701*y + 47. Calculate d(-46).
1
Let z(c) = 3*c**3 + 25*c**2 + 12*c + 34. Calculate z(-8).
2
Let r(h) = -109*h + 1614. Determine r(15).
-21
Let v(b) = b + 54. Give v(4).
58
Let t(w) = w**2 - 14*w - 23. Calculate t(8).
-71
Let f(k) = k**3 - 3*k**2 + 37*k - 155. Give f(0).
-